se -6*x = 3*m - 2*x - 368, 2*m + x = 247. What is the highest common divisor of m and g?
31
Let x(s) = s**3 + 5*s**2 + 4*s - 7. Let f be x(-3). Let r be f/(-1) + -3 + 10 + 5. Let b be 7/(7/(-2)) + r. What is the greatest common factor of b and 55?
11
Suppose 2*x - 7 = j - x, -j - 1 = -x. Suppose j*m - 130 = -2*q, 0*q + 5*m + 375 = 5*q. Calculate the greatest common factor of q and 20.
10
Let h = 306 + -134. Calculate the greatest common factor of 13932 and h.
172
Let k = -73 - -95. Suppose 4*t - 1934 = -2*l, 5*t - 2417 = -0*l - 3*l. Suppose 8*o - t = 6*o. Calculate the highest common factor of o and k.
22
Let d be 2/((1/(-68))/(-1)). Let z = 2057 - 2006. Calculate the greatest common divisor of z and d.
17
Suppose -15*c + 5 = -10*c. Let d = 29 - c. Suppose 5*v + 0*v - 140 = 0. What is the highest common factor of d and v?
28
Suppose -2*g + 5*k - 42 = -4*g, 0 = 3*k - 6. Let w be (0 - -158) + -4 - 4. Let d = 214 - w. Calculate the highest common divisor of g and d.
16
Let l be 1000/28 + 4/14. Suppose -5*r = 4*h - 1616, -243 - 86 = -r + 5*h. Calculate the greatest common factor of r and l.
36
Let x be (-9)/(-4) + (-31752)/288. Let o be (2 + (-100)/3)*(96 + x). Calculate the highest common factor of 4 and o.
4
Let q = -131 + 133. Suppose 2*o = 4, m + 128 = 5*m - q*o. What is the highest common divisor of m and 6?
3
Let q(a) = 121*a - 879. Let r be q(9). What is the highest common factor of r and 168?
42
Let o be (120/(-20))/((-4)/6)*160/3. Calculate the highest common divisor of o and 405.
15
Let q = -652 + 712. Let y(f) = -5*f**2 - 2*f - 4. Let t(s) = -s**2 + s. Let m(g) = 6*t(g) - y(g). Let x be m(8). What is the highest common factor of q and x?
4
Let s = -14595 - -14749. What is the highest common divisor of 2178 and s?
22
Let y(c) = 16*c + c**3 - 4*c**3 + 4 + 15*c**2 - c**2 - 7*c**2 - c**2. Let u be y(-4). Calculate the greatest common divisor of 380 and u.
76
Let v be 47125/(-169) + 0 + (-4)/26. Let w = -255 - v. Suppose -59 = -2*s - 11. Calculate the highest common divisor of s and w.
24
Let j(y) = -y**3 - 25*y**2 + 228*y + 129. Let l be j(-32). What is the greatest common divisor of 113 and l?
1
Let w = -27 - 171. Let n = 233 + w. Calculate the greatest common factor of n and 455.
35
Let a(l) = 2*l**2 + l + 4. Suppose 6*w + 3*d + 14 = 7*w, 5*d + 24 = 2*w. Let y be a(w). What is the greatest common divisor of 378 and y?
14
Let s = -1372 + 1420. What is the greatest common divisor of 276 and s?
12
Suppose 41432 + 55694 + 15693 = 227*c. What is the greatest common factor of 7313 and c?
71
Suppose -22*n = -87*n + 38*n + 378. Let q(l) = 11*l - 17. Let g be q(6). What is the highest common factor of n and g?
7
Suppose x - 1191 + 41 = 3*s, -2*x = 2*s - 2284. What is the highest common factor of 32 and x?
8
Suppose 2*j + 1 + 5 = 0. Let o = j - -12. Let c = -1589 - -1616. Calculate the highest common divisor of c and o.
9
Suppose 4*z - 5*q = -679, -4*q = -4*z - z - 842. Let v = -146 - z. Calculate the greatest common divisor of 50 and v.
10
Suppose 0 = -2*c - 3*a - 17, -3*c - 4*a + 6 = 30. Let z be (10 - 2)/(c/(-6)). Let f = -56 - -60. What is the greatest common factor of z and f?
4
Let j(n) = n**3 - 12*n**2 + 13*n + 34. Let d be j(11). Suppose 0 = -8*x + 10*x - d. Calculate the highest common divisor of x and 20.
4
Suppose 2*c = -3*r + 141, -2*c = -4 - 2. Let z be (17 + (-174)/6)*-3. What is the highest common factor of r and z?
9
Let g be (4/(-3))/4*(-91 - -109). Let r(c) = -49*c - 267. Let y be r(g). What is the highest common divisor of 1269 and y?
27
Let c be (-1708)/(-4) - (4 - 2). Let g = 642 - c. Calculate the greatest common factor of 93 and g.
31
Suppose 0 = 4*j + 2*k - 784, 0 = 2*j - 114*k + 113*k - 392. Calculate the greatest common factor of j and 2450.
98
Let x = -4656 + 5602. What is the highest common divisor of 66 and x?
22
Suppose 0*g = -20*g + 1740. What is the highest common divisor of 16791 and g?
87
Let d be ((-100)/15)/(-10)*75*12. What is the greatest common divisor of 56 and d?
8
Let i be ((-7392)/80)/(6/(-40)). Let h be i + -7 - 1*(-2 + 0). What is the highest common factor of 13 and h?
13
Let p = -9179 + 11969. Calculate the greatest common factor of 40 and p.
10
Suppose b - 3557 = p + 321, -4*p = 0. What is the greatest common factor of 14 and b?
14
Let w(r) = 14*r**2 + 13*r + 35. Let h be w(-3). Suppose -z = -k - h - 6, -2*z + 254 = -k. What is the greatest common factor of z and 45?
9
Suppose -2*z + 8 = -0*z. Suppose -w + 81 = -r, -329 = -z*w - 5*r + 10*r. Calculate the greatest common factor of 8 and w.
4
Let c(o) = -16*o - 1518. Let l be c(-101). Calculate the greatest common divisor of 3136 and l.
98
Suppose -4*x = z + 119, -6*x = -11*x + 10. Let h = 134 + z. What is the greatest common factor of h and 175?
7
Let y(b) = -b**2 - 17*b + 20. Let p be y(-10). Suppose -3*g = -8*z + 7*z - p, 3*g = -z + 90. Calculate the highest common factor of g and 195.
15
Suppose -4*i + 6*i = 48. Let n be ((-216)/90)/(6/(-1740)). What is the highest common factor of n and i?
24
Suppose -5*i + 31 = m, i = 4*m - 0*m - 103. Suppose -m*k = -25*k. Suppose 24 = 4*q - k*q. Calculate the greatest common factor of 6 and q.
6
Let s be ((-13)/(182/(-186))*7)/1. What is the greatest common divisor of s and 775?
31
Suppose 13*h + 7*h - 14*h = 6240. What is the greatest common divisor of h and 60?
20
Let l = 3 - -93. Let v be ((-96)/36 + 16)/((-2)/(-102)). Suppose -176 + v = 21*w. What is the highest common divisor of l and w?
24
Suppose -26 = 21*a - 34*a. Let g(p) = -p**3 - 16*p**2 - 15*p + 14. Let k be g(-15). What is the greatest common divisor of a and k?
2
Let p = -22 - -25. Suppose 5*x - 5*j = 15, -p*j + 7 = 5*x + 16. Suppose 14*t - 17*t + 3 = x. Calculate the highest common divisor of 4 and t.
1
Suppose 9*w = 5*w + 180. Suppose -4*y = -410 + 158. Suppose -6*o + y = o. Calculate the greatest common factor of w and o.
9
Suppose -c + 2*a = 78, -2*c + 3*a - 154 = -2*a. Let z = c + 75. Let w(i) = -2*i**2 - 20*i - 19. Let x be w(z). What is the highest common factor of x and 69?
23
Let o(w) = -w**2 + 164*w + 1563. Let s be o(-9). Calculate the highest common divisor of s and 27216.
6
Let k(j) be the second derivative of 2*j**4/3 - 11*j**3/6 + 5*j**2 + 6*j. Let r be k(2). Calculate the highest common divisor of r and 380.
20
Let v be 4*(-3)/(-5)*15. Suppose 40*u = 21*u + 38. Suppose -u*j + h - 5*h = 8, 4*j = h + 20. Calculate the highest common factor of v and j.
4
Suppose -40*t + 5670 = 14*t. Calculate the greatest common divisor of 21 and t.
21
Let p(j) = j**2 - j - 2. Let y be p(2). Suppose 15*s - 417 - 33 = y. Calculate the greatest common divisor of 345 and s.
15
Suppose 0 = 2*p + 45 + 999. Let v be -60 + 54 - (p + 2*-1). What is the greatest common divisor of 148 and v?
74
Let p be 2/3 - 29/3. Let u(c) = 4*c - 4*c + 6*c - 25*c + 11*c - 12. Let k be u(p). Calculate the greatest common divisor of 20 and k.
20
Let r be 41 + (-2 - -3)/1. Suppose 0 = -3*m + 2*a + 109, -6*a + a = -m + 19. Suppose 0 = -7*k + 59 + m. Calculate the greatest common factor of r and k.
14
Let j be (-99)/(-6)*20/3. Suppose 20*o + 18*o - 6194 = 0. Suppose -29*h + o = -127. Calculate the greatest common divisor of h and j.
10
Let q(o) = 9*o - 6. Let m be q(4). Let x be 5/((-5)/9)*(-21 - 1210/(-66)). Calculate the greatest common factor of m and x.
6
Let a = 3624 + -3496. Calculate the greatest common divisor of 7760 and a.
16
Let k(a) = 106*a + 8 + 2 - 6. Let g be k(1). What is the highest common factor of 10 and g?
10
Let w = -247 + 742. Let h = -3446 + 3461. What is the highest common factor of h and w?
15
Let m = -5277 + 5316. What is the highest common divisor of 5486 and m?
13
Let y = 23071 - 23021. Calculate the greatest common divisor of 8650 and y.
50
Let k be (2*10)/(8/20). Let i be 13/(-1*(72/8 + -10))*10. Calculate the highest common factor of i and k.
10
Suppose -2*v + 11 = -q, -2*q - 2 = 5*v - 25. Let p = 327 - 484. Let c = p - -167. Calculate the greatest common factor of v and c.
5
Suppose 0 = 5*j - 30, -1775*q - 10034 = -1777*q - 5*j. Calculate the greatest common factor of q and 1342.
122
Let r = -106874 - -106883. Suppose 4*i + 2*g = -43 - 27, -g + 37 = -2*i. Let p be -2 - i/2 - -2. What is the greatest common factor of p and r?
9
Let s be 1 + -2 - -1